 (-279 - -298) + -3 + (1 - 71).
-54
What is -35 + (36 - -18 - 12) - 2?
5
What is the value of 2 + (-5 - 3) - (-23 - (11 + 4 + -23))?
9
Calculate 11 - -19 - (221 + -199).
8
Calculate 11 + -48 + (5 - (1 + -16)).
-17
Evaluate (-1 - -2) + -4 + 5412 + -5414.
-5
Evaluate -17530 + 17564 + 0 + -34.
0
Evaluate (10 + -1 - 22) + -37 + (-4 + -3 - -3).
-54
Evaluate (-2 - -2) + (0 + 26 - ((85 - 51) + -31)).
23
(531 + -549 - (2 + -28)) + 24
32
What is (-974 - -971) + (63 - (0 - 0) - (-21 + 24))?
57
What is the value of 16 + -18 + (39 - 9 - 33)?
-5
-15 - (-18 - 5 - -12) - ((2 - 2) + -89)
85
Evaluate -11 - (4 + 1 - (14 - (7 + 3))).
-12
Calculate -2 - (60 + -9 + 0) - (12 + (-16 - -14)).
-63
Evaluate -3 - (-19 + (-38 - -27) - -26).
1
What is -3 - (-4 + 4) - (-11 + -4) - (107 + -79)?
-16
Calculate 1 + 19 - -9 - -9.
38
What is the value of 0 + 63 - (-1265 - -1225)?
103
(2 - -3) + (-4 - -6 - 5) + (-57 - -52)
-3
Evaluate 8 - (-14 + (-13 - (18 + -30))).
23
Evaluate -318 + 294 - (-4 - -1 - -2).
-23
Calculate 55 + -61 + 17 + (-63 - (-3 - -3)).
-52
What is 25 + 3 + -157 - (6 + -29 + (7 - -2))?
-115
Evaluate 4 - (4 - 0) - (417 + -393).
-24
What is -113 + -19 - (-31 - (27 - 28))?
-102
Calculate 2 + 1 + (16 - 4) + (2 - 1) + 62.
78
What is the value of -8 - -23 - (-21 - (-4 - 9)) - -8?
31
Evaluate (36 + -77 - -73) + 0 + 2.
34
What is (-63 - -103 - 7) + 27?
60
181 + -34 + -262 - -63
-52
What is the value of (90 + -86 - (0 - -11)) + 4 + -8?
-11
Calculate 34 + (28 + -6 - 96).
-40
What is 6 + 7 + (-1 - 3) + 3 + 11?
23
-15 + 39 + -18 - (0 - (10 + -131 + 13))
-102
Calculate -8 + -9 + (-7 - ((9 - 8) + 30 + -6)).
-49
What is (-13 - -3) + -164 + 155 - (-2 - -3)?
-20
What is (-90 - (12 + -28)) + (-97 - -69)?
-102
-1 - -31 - (-103 + 225 + -119)
27
Evaluate -133 + 16 + 881 + -804.
-40
51 - (-30 + 72) - (74 - 1 - (-7 + 6))
-65
Calculate (-9 - -11) + (0 - -8) + 21 + 80.
111
-7 + -11 - (1 - 1) - (-209 + 182)
9
Calculate -1 + 60 + 1 + 2 + -2 + -132 + 141.
69
Calculate 13 + -24 - (-1 + -16 + 7) - 8.
-9
What is -36 + 0 + (-216 - -104) + 78?
-70
Calculate (81 - (-119 - -205)) + -1 + -52.
-58
What is (-143 - 3) + 6 - -89?
-51
Calculate 31 - 8 - (10 - (4 + 2 - -12)).
31
Evaluate 16 + (-11 - -19 - -16) + -30.
10
What is 18 + -36 + -108 + 35 + -4?
-95
-9 + 2 + (16 - 31) + -2 + 0
-24
Calculate 197 + (-95 - 88) - (-1 + 29 - 1).
-13
What is the value of -20 - (17 + (17 - (-11 + -26)))?
-91
Calculate 35 + -52 + -2 + 11 + -32.
-40
What is the value of -40 + (-22 - -25) - 7 - -158?
114
What is the value of -27 + (9 - (6 - 4)) + 9?
-11
What is (-16 - (6 + 2 + 6)) + 5 + 0?
-25
Calculate -17 + 2 - (5862 + -5792).
-85
Calculate -89 + -18 - 1 - -49.
-59
Evaluate -78 - (-13 + (-11 + (-6 - 2) - -28)).
-74
Calculate (-32 - -5) + (7 - -3) + 9 - -19.
11
-18 + (-3 - (-20 - -27)) + 19
-9
Calculate (-77 - -161) + 29 - (0 + (0 - 0) - -2).
111
127 + (-27 - 12) + 1 + -21
68
What is -13 + (-6 - ((-30 - -57) + 11))?
-57
What is the value of -15 + (-31 - -17) + -27?
-56
What is (-43 + 68 - 35) + 20?
10
What is the value of -4 + 47 + -17 + (3 - 16) - -6?
19
-49 + 35 + (-16 - 0) - 58
-88
Evaluate 9 - (62 - (-4 + 9 + 19 + -20)) - -11.
-38
Evaluate (-45 - -74) + (-20 - -1) - -6.
16
Evaluate 119 - (166 + -20 + 99).
-126
Calculate -26 + 2 + 11 + -6.
-19
-47 + (-45 - (-117 - 42 - -18))
49
What is the value of 40 - (-12 + (93 - 25))?
-16
What is the value of 29 + -56 - -42 - (92 + (4 - 1))?
-80
What is 1 + 2 + 3 - (41 + 13 + (2 - 8))?
-42
Calculate 1 + -3 + 62 + -66 + (-3 - 4).
-13
What is the value of (-2 - 1) + 37 + -25 - (-22 + 71 - 19)?
-21
What is (2 + 38 + -98 + 91 - -4) + -7?
30
Evaluate (-23 - -14) + 43 - 107.
-73
Evaluate (30 - 42 - 22) + 6 + 0 + 0.
-28
Calculate 19 + -85 + 8 + -2.
-60
-10 + 0 - (-250 - -504 - 271)
7
What is -18 - (-10 - -8 - 12) - (17 + 0) - 0?
-21
What is 51 + -4 + (-88 - -22 - -44)?
25
What is the value of 113 - (27 + -73 + 96)?
63
What is the value of 55 - 56 - (4 + -1) - (-137 + 164)?
-31
6 + (32 + -84 - -52 - (3 - 0))
3
What is the value of 62 - (19 + -2 - (-81 - -102))?
66
What is (-2 - -18 - 30 - -19 - 6) + 115?
114
What is the value of (-16 - (7 + -12)) + (75 - (-16 + 6 - 2))?
76
What is the value of (21 - -18) + (-18 - -7)?
28
15 + (-26 - -27) + 14 + -51
-21
What is -43 - -1 - (-391 - -354)?
-5
Evaluate 18 + -12 + 9 + 4 + -5 - (15 + -8).
7
(1 - -78) + (1713 - 1779)
13
What is 75 + (-1 - -1 - (3 + 9)) + (-1 - -3)?
65
Calculate 4 + 46 + 3 + 3 + (-318 - -337).
75
Evaluate 610 - 556 - (-2 + 59).
-3
Calculate (59 - 13) + (383 - 418).
11
Calculate (-16 - -15) + -60 + (-7 + -4 - (-4 - -3)).
-71
Calculate -66 - (4 + 0 + 0 + -6 + -1 + -1).
-62
Evaluate -83 - (17 - -3 - 11) - (-7 - -8).
-93
Evaluate -1 + -4 + -1350 + 1377.
22
-7 + 16 + 13 + -55 + 22 + (0 - -139)
128
Evaluate 1 + 12 + 10 + -18 + -25 + 19.
-1
What is (-35 - 43) + 38 + 51?
11
Evaluate 18 + -24 + 34 + -35 + (11 - 2) + 107.
109
What is the value of -5 - (-5 + 4 + -6 + 2) - (11 - 59)?
48
What is (-16 - -33 - 6) + -13 + 4 + 20?
22
Evaluate 8 - (-2 + 6) - (74 + -64) - (-15 - -3).
6
Calculate (-7 - -4) + -17 + (-60 - -14).
-66
Calculate 311 - (-83 + 289) - (-2 + 0).
107
What is the value of -21 - (16 + 14 + -6 + -53 + 12 + 13)?
-17
Evaluate -32 + 93 - 57 - 34.
-30
What is -38 + (96 + -221 - -54)?
-109
Calculate -4 + 38 + -207 + 186.
13
Evaluate 136 + (15 - 146) - (2 + 1 + 0).
2
What is -96 - -125 - (-4 - 44)?
77
Calculate 59 + (22 - 71) - (-1 - -6).
5
What is the value of 210 + -245 - ((3 - -8 - -2) + -11)?
-37
Evaluate -316 - -118 - 52 - -134.
-116
-16 + -2 + (33 - (-199 - -154))
60
What is (32 - 5) + -72 + 15?
-30
What is the value of (50 - 6 - 4) + (1 - 6 - -18)?
53
What is (75 - 104 - 25) + -40?
-94
What is the value of 10 + (-14 - 53 - -6) + 6?
-45
What is the value of (-28 - -24) + -25 + 10 - -23?
4
What is the value of 9 + (5 + -1 - (-21 + 43))?
-9
What is 4 + (3 - 15) + 6 + -11 + -510 + 648?
125
What is (-1 - -16) + (7 - (1 + -13))?
34
Evaluate 12 + -3 + -19 + -2 + -46 + 1 + -2.
-59
Evaluate 3 - 0 - (19 - (10 + 6 + (1 - 0))).
1
Calculate 46 - (5 + -18 + -7 + 5 - -21).
40
What is 222 + -243 - (-35 - 0)?
14
What is the value of (-19 - ((-20 - 9) + 0)) + 2 + 0 + 1?
13
What is -2 + -21 + -1 + (-23 - -5)?
-42
What is the value of -36 + -64 + -77 + 83?
-94
What is (0 - -29) + (223 - 246 - (-2 - 8))?
16
What is -47 - (26 + (-16 - -23 - 8))?
-72
Evaluate 39 + (-11 - (-12 - (-35 - -21))).
26
-56 + (-92 - -60) + 45
-43
What is (-39 + 16 - -3) + -9?
-29
Calculate -18 - -1 - (596 - 626) - (-28 - -1).
40
Evaluate 19 + -35 + (6 - (-1 + -14)).
5
Evaluate (-10 - (106 - 54)) + 62.
0
47 + (26 - (-8 + -26 - -73))
34
What is (-26 - (-20 - 10)) + -22 + 2 + 11?
-5
Calculate -37 - (4 + 19 - (78 - 107)).
-89
Calculate -2 + (-2 - -57) + -8 + -19.
26
Evaluate 6 - (12 - 114 - (4 + -5 + (-6 - -2))).
103
Calculate -3 + -17 + 7 + -1 - -52.
38
Calculate -25 + (70 + -1 + 28 - 15).
57
(-1 - 3) + ((-195 - -192) + (-3 - 1) - -51)
40
Evaluate -31 - (32 + -80 + 22 - 66).
61
What is -11 - (-85 - -11) - (5 + 0 - (-8 + 3))?
53
(-182 + 101 - (-1 - -4)) + (-10 - (-1 + 3))
-96
Evaluate (26 - 71) + (-7 - -4) + 13 + 10.
-25
What is 21 + (3 + -14 + 18 - 44)?
-16
Calculate (-65 - 10) + 1 + -12 + 6 + -6.
-86
(-229 - -201) + (-21 - 1) - -7
-43
What is -23 + -3 - (-34 + 44 + -8)?
-28
Calculate (-32 - (186 - 215)) + 110 + 1.
108
Evaluate -3 + 86 + 18 + (-51 - -22).
72
What is (8 - (-21 + 12)) + 0 + -7?
10
What is 0 + -5 + 3 - (86 - (16 + -56))?
-128
What is 47 + (-18 + -2 - (14 - (59 - 10) - -22))?
40
What is the value of 9 + 18 + (-18 - 30)?
-21
-29 - (-27 + 10) - (-1 + -92) - (-6 - -6)
81
6 + -36 - 19 - (-5 + -8)
-36
10 + 3 - (-1 + -1 - (-183 - -173))
5
Calculate 6 + (-21 + 2 - (-23 - (3 + -12))).
1
What is the value of 1 + -62 - (-506 + 515)?
-70
-66 + (115 - (19 + 20))
10
What is the value of 51 + (-4 + 33 - 14)?
66
Calculate 3 + (-277 - -303 - (25 - 2)).
6
Calculate 10 + (84 - 90) - ((-2 - (-1 + 52)) + 2).
55
What is the value of 1 + 62 + (-3028 - -3001)?
36
(-54 + (10 - 3) - -33) + 7
-7
Calculate -9 + 10 + -7 + 9 + (7 - -40) - -5.
55
Calculate (-43 + 11 - -26) + (11 - 1) - -51.
55
Calculate (-69 - 1) + (-175 - -189) - -12.
-44
204 + -85 + -99 + (0 - 32)
-12
What is the value of -2 - -32 - (29 + 31)?
-30
What is 7 + (20 - 19) + -12 + -7?
-11
What is (78 + (-3 - -3) - (1448 + -1